= -49 - c. Suppose -v + y = -o, 3*o = -4*v + 3*v + 54. What are the prime factors of v?
3, 17
Let l(m) = 7*m - 1. Let n be l(-1). Let f = n + 22. List the prime factors of f.
2, 7
What are the prime factors of (3*(-4)/(-6))/((-22)/(-1496))?
2, 17
What are the prime factors of (-54832)/(-64) - 20/(-16)?
2, 3, 11, 13
Let v(c) = 2*c - 9. Let t be v(6). Suppose -3*r = 2*r + 2*w - 242, -t*r + 146 = 2*w. Let o = -27 + r. List the prime factors of o.
3, 7
Suppose -3*d + 8 = 2*k + 2, -4*d = -k - 8. Suppose k*p = -p. Suppose p*m - 42 = -m. What are the prime factors of m?
2, 3, 7
Suppose 4*g - g = 0. Suppose p + 5 - 3 = g. List the prime factors of (-1 + -3)*(-3 - p).
2
Let h(i) = -i - 1. Let d(p) = -5*p - 5. Let g(o) = d(o) - 2*h(o). What are the prime factors of g(-11)?
2, 3, 5
Let f(x) = -x**2 + 6*x - 7. Let w be f(7). Let q = -8 - w. Suppose q = 4*t - 3*t. What are the prime factors of t?
2, 3
Suppose i - 4*i = -12. Suppose 0 = i*j - 8*j + 116. What are the prime factors of j?
29
Suppose 8*o = 11*o - 99. Let u(y) = 32 - 38*y - 22*y - o. List the prime factors of u(-1).
59
What are the prime factors of 5 + (-9152)/(-12) - (-6)/(-9)?
13, 59
List the prime factors of ((-8)/36 + (-130)/(-18))*86.
2, 7, 43
Let t = 2 - -3. Suppose t*p = p + 200. Suppose -a + p + 21 = 3*m, 5*m - 119 = -2*a. List the prime factors of m.
23
Let k(f) be the third derivative of 0 + 0*f + 1/12*f**4 + 4*f**2 - 5/3*f**3. What are the prime factors of k(6)?
2
What are the prime factors of 8/10 - 10555/(-25) - -1?
2, 53
List the prime factors of (-8)/12 + 4655/3.
3, 11, 47
Suppose 691 = 4*m + 5*l, 4*l - l - 9 = 0. Let o = m + -83. List the prime factors of o.
2, 43
Suppose -2*s - 162 = 314. What are the prime factors of s/(-8) - (-12)/(-16)?
29
Suppose 2*n = 3*m + 3*n - 9, -2*n - 14 = -2*m. Suppose -2*k + p = m, 7*k - 2*k + 8 = 3*p. What are the prime factors of (3 + k/(-2))*1?
5
Suppose 10*y - 13*y = -48. Let l = y + -11. List the prime factors of l.
5
Let m(y) = 56*y**2 + 20*y + 13. What are the prime factors of m(6)?
7, 307
Suppose 5*n + 5*y = 30, -3*y + 14 = 5*n - 6*y. Suppose n*c - 255 = -c. Suppose -r - 14 = -c. List the prime factors of r.
37
Let u(l) = -l + 15. Let a be u(12). Suppose 4*z + a*z = 714. What are the prime factors of z?
2, 3, 17
Suppose 2*j - j = -34. Let w = j + 85. Let v = w - 22. What are the prime factors of v?
29
Let t = 18 + 0. Suppose -2*l + t = -0*l. Suppose 9 = 3*z, 4*q - 5*z + 4 = l. What are the prime factors of q?
5
Suppose -22*w = -26*w + 3*v + 467, 4*w - 2*v = 466. What are the prime factors of w?
2, 29
Suppose -4*v = 4*j - 3110 - 5418, -3*v - 4279 = -2*j. List the prime factors of j.
5, 7, 61
Let m be (0/3)/(-1 + 3). Suppose m*o + 83 = o. What are the prime factors of o?
83
Let j(v) be the third derivative of v**5/12 - v**4/6 - 2*v**3/3 - 21*v**2. List the prime factors of j(6).
2, 19
Let n be 2/((-4)/158*-1). Let w = -60 + n. List the prime factors of w.
19
Let s(n) = -n**3 - 9*n**2 - n - 6. Let t be s(-9). Suppose -t*a = -a + 42. Let r = 34 + a. What are the prime factors of r?
13
Suppose 5*o = 5*g + 45, -o + 8 = 5*g - 19. Let v = -30 + o. Let y = v - -69. List the prime factors of y.
3, 17
Suppose 4*d = 2*q - 20, q + 3*d + 13 = 3. Suppose -18 = 2*w - q*n, -3*w - 32 = -0*w - 4*n. List the prime factors of w/14 + (-200)/(-14).
2, 7
Let a(s) be the first derivative of -1/4*s**4 - 5 + 4/3*s**3 - 4*s + 2*s**2. List the prime factors of a(3).
17
Suppose 2*k - 608 = -2*a, 608 = 2*a - k + 6*k. What are the prime factors of a?
2, 19
Suppose 1379 = 4*z + 3*f, -6*z + 9*z - 1013 = 2*f. List the prime factors of z.
11, 31
Let a(n) = -n**3 - 11*n**2 + 12*n + 5. Let q be a(-12). Let j(p) = 20*p - 24. List the prime factors of j(q).
2, 19
Let m(w) = -w**2 + 7*w - 8. Let o be m(4). Suppose 2*i + 82 = 2*v, 0 = 5*i - 3*i + o*v + 94. Let g = i + 77. List the prime factors of g.
2, 17
Let x(a) = a**2 - 10*a - 7. Let y be x(11). Suppose -y*w + 123 = v + w, -w = 2*v - 273. What are the prime factors of v?
2, 3, 23
Let a = 110 + -200. Let n = 126 + a. List the prime factors of n.
2, 3
Suppose -o + 10 = -3*o, -25 = -5*y + 2*o. Let n = 32 + y. List the prime factors of n.
5, 7
Let i(o) be the second derivative of -5*o - 1/2*o**2 + 22/3*o**3 + 0. What are the prime factors of i(1)?
43
Let b(d) = -2*d - 5. Let j be b(-5). Let w(y) = -8*y + 3. Let v be w(j). Let m = v + 88. List the prime factors of m.
3, 17
Let w(h) = -h**3 + 5*h**2 - 4*h + 3. Let q be w(4). Suppose -k - q*k + 176 = 0. Let y = 121 - k. List the prime factors of y.
7, 11
Suppose -4*m = 3*w - w - 456, -3*m + 5*w + 355 = 0. List the prime factors of -4 + (m - ((-8)/(-4) + 2)).
107
Suppose -21075 + 146592 = 43*x. What are the prime factors of x?
3, 7, 139
Let h be (-10)/(-20) - 3/(-2). Suppose -h*g - 73 = -3*g. List the prime factors of g.
73
Let b(p) = 99*p - 26. Let v be b(4). Suppose v + 160 = 5*g. List the prime factors of g.
2, 53
Let j(u) = 13*u**2 - 8*u + 19. List the prime factors of j(15).
2, 353
Let o(p) = 256*p + 217. List the prime factors of o(3).
5, 197
Let l(i) = i**3 + 9*i**2 + i - 5. What are the prime factors of l(8)?
1091
Suppose 3*a - 931 = 4*g - 8*g, 4*g = -20. List the prime factors of a.
317
Suppose -6 - 12 = -2*v. Let p be (-62)/((-3)/(v/6)). List the prime factors of p + 1/(-2)*-2.
2
Suppose 3*p + o = 1609 + 1620, 4*o = -p + 1091. What are the prime factors of p?
5, 43
Let x = 2034 - 1097. What are the prime factors of x?
937
Suppose -4*j - 67 = 4*l - 3003, -4*l = 5*j - 3666. List the prime factors of j.
2, 5, 73
Let d be (-2)/(2/(-2)) + 1. Suppose -d*u = 4 - 16. Suppose -u*j = -9*j + 75. List the prime factors of j.
3, 5
Let p(c) = c**2 - 13*c + 5. Let k be p(13). Suppose 4*a = -3*v + v - 22, -20 = k*a - 5*v. Let z = 18 - a. List the prime factors of z.
23
Suppose 3*z = 8*z - 10. Suppose u + 1 = 2*f - 5, -u - 15 = -5*f. Suppose u*n + z*n = 60. List the prime factors of n.
2, 3, 5
Let m(d) = 2*d**2. Let r be m(1). Suppose r*n = 4*t + 11 + 23, 3*t - 78 = -3*n. What are the prime factors of n?
23
Suppose 2*d = -4*d + 234. Let o = d + -36. Suppose 4*p + o*t - 30 = -5, -10 = 2*t. List the prime factors of p.
2, 5
Let w(k) = 36*k - 8. Suppose -4*x + p + 2 = -16, 5*p + 10 = 0. Let y be w(x). What are the prime factors of (-3)/(-2)*y/6?
2, 17
Let a = -771 + 1399. List the prime factors of a.
2, 157
Let n be (-34)/(-4) - 13/(-26). Let v = -15 + n. Let b(h) = h**3 + 7*h**2 + 3. What are the prime factors of b(v)?
3, 13
Let s = -14 + 491. What are the prime factors of s?
3, 53
Let b be (-2)/5 + (-154)/(-10). Suppose -6*k + k - b = 5*y, 0 = k. List the prime factors of (y - (-3 + -6))/1.
2, 3
List the prime factors of -10 + 487 + 3 - (-2 - -2).
2, 3, 5
Let k(b) = -6*b + 54. Let w be k(15). Let y = w - -61. List the prime factors of y.
5
Let k(g) = 2*g**2 + 8*g - 30. Let v be k(-14). Suppose 3*h = 77 + v. List the prime factors of h.
109
Let l be 1 + 0/(1 + 1). Let b = l + 1. Let z(r) = 13*r**2 - 2. What are the prime factors of z(b)?
2, 5
Suppose 0 = -3*r + 8 - 2. Suppose -y - 15 = f + 3*y, -r*f = -y - 15. Suppose 3*z = -f*k + 72, -5*z + k - 96 + 244 = 0. List the prime factors of z.
29
Suppose 9 = 2*b - 3*d, d = -0*b + 5*b - 3. Suppose b*v - 39 = -m - v, 2*v - 186 = -5*m. List the prime factors of m/45*(-75)/(-2).
2, 3, 5
Let f = -28 + 31. Let r(a) = 29*a - 12. List the prime factors of r(f).
3, 5
What are the prime factors of 2*3/39 - 1164672/(-832)?
2, 5, 7
Let w(g) = -6*g + 127. List the prime factors of w(6).
7, 13
Suppose 0 = -9*b - 39 + 462. Suppose -48*q + 190 = -b*q. What are the prime factors of q?
2, 5, 19
Let h = 531 - -204. List the prime factors of h.
3, 5, 7
Let q(v) = -v**2 + 3*v + 12. Let g be q(5). List the prime factors of 42 + g/(-4)*6.
3, 13
Let v(h) = -2*h**2 + 4*h - 15. Let l be v(6). Let q = l + 105. Suppose 60 = 4*r - 5*y, q = 2*r + r - 3*y. List the prime factors of r.
2, 5
Suppose -2*l + 7*i = 2*i + 43, 3*i = -l - 27. Let v = l - -48. List the prime factors of v.
2, 3
Suppose -3*l - 150 = -5*x, x + 2*l - 30 = -0*l. Let m = 7 - x. Let i = 48 + m. List the prime factors of i.
5
Suppose 4696 = 5*c - 3*n, 2*c - 4*n + 7*n - 1870 = 0. What are the prime factors of c?
2, 7, 67
Suppose 16*q - 28 - 132 = 0. Suppose i + 2*s - 161 = -15, 0 = -5*s + q. List the prime facto